771 a prime number?
True
Is 30193703 composite?
False
Is 18939421 prime?
True
Is 799277 a composite number?
True
Is 470038477 composite?
False
Is 2900993 a prime number?
False
Is 93644617 a composite number?
True
Is 2323705 prime?
False
Is 1895507 composite?
False
Is 62510135 a prime number?
False
Is 9901267 a prime number?
False
Is 105460421 a prime number?
False
Is 8927341 prime?
True
Is 15012623 a composite number?
True
Is 9756637 composite?
True
Is 514092679 composite?
True
Is 114059 prime?
False
Is 3466349 a prime number?
True
Is 294546071 prime?
True
Is 15386183 prime?
True
Is 12351649 composite?
True
Is 10059509 a composite number?
False
Is 4057297 composite?
False
Is 426287 prime?
True
Is 19914449 composite?
False
Is 55321913 prime?
False
Is 433964137 a prime number?
True
Is 373267795 prime?
False
Is 842918 composite?
True
Is 127670623 composite?
False
Is 8717053 composite?
True
Is 21606673 a composite number?
True
Is 14680919 a prime number?
False
Is 604393 a composite number?
True
Is 17400127 prime?
True
Is 72007643 composite?
False
Is 1302269 a composite number?
False
Is 8340497 a prime number?
False
Is 8668543 prime?
False
Is 2848991 a prime number?
False
Is 68184013 a composite number?
False
Is 5957117 a prime number?
True
Is 25254907 prime?
False
Is 253477771 composite?
True
Is 163868167 composite?
False
Is 1058363 a prime number?
False
Is 4725883 composite?
False
Is 193626757 a composite number?
True
Is 40785691 prime?
True
Is 186232883 prime?
True
Is 67482073 composite?
True
Is 8861 a prime number?
True
Is 9467461 prime?
True
Is 1904395 a composite number?
True
Is 40043513 a prime number?
False
Is 12465613 a prime number?
True
Is 555794755 composite?
True
Is 27020177 a composite number?
False
Is 271907 a prime number?
False
Is 19530649 a prime number?
True
Is 1843661 prime?
False
Is 2311291 a composite number?
True
Is 6586241 composite?
False
Is 2762527 composite?
False
Is 13101695 prime?
False
Is 270301 a composite number?
True
Is 45984877 prime?
True
Is 1354295 composite?
True
Is 211790221 prime?
True
Is 933643 prime?
True
Is 23528179 prime?
True
Is 1296877 a prime number?
True
Is 9761413 a composite number?
True
Is 379283 prime?
True
Is 49668503 a prime number?
False
Is 79565951 a composite number?
False
Is 1558929 prime?
False
Is 60230579 prime?
False
Is 6070297 prime?
True
Is 17263621 prime?
False
Is 828232091 a prime number?
False
Is 191258909 a composite number?
True
Is 60859 a composite number?
False
Is 6759943 a prime number?
True
Is 59149193 prime?
True
Is 89262923 prime?
True
Is 6289229 a composite number?
False
Is 36528619 a composite number?
False
Is 28283327 composite?
False
Is 46993291 prime?
True
Is 2302087 composite?
False
Is 13273397 composite?
False
Is 96872981 composite?
True
Is 1026079 a prime number?
False
Is 250403 prime?
True
Is 14778229 composite?
True
Is 10822199 prime?
True
Is 45300443 composite?
True
Is 2192647 a composite number?
True
Is 4316443 a prime number?
True
Is 7576869 composite?
True
Is 27417007 a prime number?
True
Is 354533 prime?
True
Is 300305267 a composite number?
True
Is 4259579 prime?
True
Is 67175578 composite?
True
Is 88959821 a prime number?
True
Is 14227231 a prime number?
False
Is 22911143 prime?
False
Is 2194607 a prime number?
False
Is 14206307 prime?
False
Is 5563483 a prime number?
True
Is 29869897 prime?
False
Is 166161979 composite?
False
Is 508727 a composite number?
False
Is 100669377 composite?
True
Is 11853707 prime?
False
Is 12450839 a prime number?
False
Is 8181553 prime?
False
Is 615547 composite?
True
Is 937799 composite?
True
Is 2300513 a composite number?
False
Is 6449 a composite number?
False
Is 323049449 a prime number?
True
Is 685829 prime?
False
Is 986257 prime?
True
Is 487474423 prime?
True
Is 2324258 a composite number?
True
Is 144370621 prime?
True
Is 59158283 a composite number?
True
Is 6124537 a composite number?
True
Is 41071171 prime?
False
Is 3167911 prime?
False
Is 692535923 a composite number?
True
Is 52399273 composite?
False
Is 809023 a composite number?
False
Is 2257403 a composite number?
False
Is 9679713 a prime number?
False
Is 341713717 prime?
False
Is 10909849 prime?
False
Is 13402063 a composite number?
False
Is 48689287 a prime number?
False
Is 822601 a prime number?
False
Is 183201251 prime?
True
Is 41463021 a composite number?
True
Is 833009 a composite number?
False
Is 152319511 composite?
False
Is 1403879891 a composite number?
False
Is 31953631 composite?
True
Is 264949 composite?
False
Is 8123509 composite?
True
Is 10832837 prime?
True
Is 143893367 composite?
True
Is 91968959 a composite number?
True
Is 466909 prime?
True
Is 237173323 prime?
False
Is 164301077 prime?
True
Is 88099931 composite?
True
Is 32170741 a prime number?
False
Is 19999043 prime?
False
Is 277159 a prime number?
False
Is 10667323 prime?
False
Is 1868107 prime?
True
Is 2162221 a prime number?
True
Is 13449587 a composite number?
True
Is 4716083 a prime number?
True
Is 49734407 composite?
False
Is 228446207 a prime number?
False
Is 426161473 composite?
True
Is 104008577 a composite number?
False
Is 14547343 prime?
True
Is 5438899 prime?
False
Is 3710009 a composite number?
False
Is 43066405 prime?
False
Is 157851571 prime?
True
Is 23913161 a composite number?
True
Is 193341601 a composite number?
False
Is 3613931 a composite number?
False
Is 31597291 composite?
True
Is 22791929 composite?
True
Is 38540731 a composite number?
False
Is 461787 prime?
False
Is 292937 a prime number?
False
Is 2683823 a composite number?
False
Is 412728341 composite?
False
Is 163772563 composite?
False
Is 133620553 a composite number?
True
Is 3226973 a prime number?
False
Is 145898143 a composite number?
True
Is 29568977 a composite number?
False
Is 15333803 composite?
False
Is 738649861 a prime number?
True
Is 288527 a composite number?
False
Is 26771939 a prime number?
True
Is 8381371 composite?
False
Is 229669 a prime number?
False
Is 3893315 a prime number?
False
Is 3107303 prime?
True
Is 33462199 prime?
True
Is 2844091 prime?
False
Is 175448467 prime?
True
Is 31012159 a prime number?
False
Is 15604331 composite?
True
Is 23927 a composite number?
True
Is 12282931 a composite number?
False
Is 346667 prime?
True
Is 737474141 composite?
True
Is 15395473 prime?
True
Is 6969491 a composite number?
False
Is 925721 prime?
True
Is 3570871 composite?
True
Is 100553707 a composite number?
True
Is 2255399 prime?
True
Is 13076093 composite?
False
Is 26504587 a prime number?
True
Is 13458839 composite?
False
Is 245921993 a prime number?
True
Is 1484657 prime?
True
Is 10631211 composite?
True
Is 335433187 prime?
True
Is 1118261 a prime number?
True
Is 8017897 a prime number?
False
Is 7954747 a composite number?
True
Is 1090681 a composite number?
False
Is 1961321 prime?
True
Is 39359623 a composite number?
True
Is 57063299 a prime number?
False
Is 218628181 a prime number?
True
Is 1324361 composite?
False
Is 128018801 a composite number?
False
Is 10082759 composite?
True
Is 11226667 a prime number?
True
Is 21463759 composite?
False
Is 2095682 a composite number?
True
Is 813877 a composite number?
True
Is 228974783 a prime number?
True
Is 212183045 a prime number?
False
Is 25784389 a prime number?
True
Is 1753313 composite?
True
Is 6387179 a composite number?
False
Is 7089113 composite?
True
Is 174269573 a composite number?
False
Is 30791 a composite number?
True
Is 12236981 composite?
False
Is 361723 composite?
False
Is 58393547 prime?
False
Is 213632093 a composite number?
False
Is 18377927 a prime number?
True
Is 31016003 a composite number?
False
Is 2153507 prime?
True
Is 1083899 a composite number?
False
Is 103096247 composite?
True
Is 191994333 prime?
False
Is 69857951 a composite number?
False
Is 972169 prime?
False
Is 32853121 a prime number?
False
Is 263749 a prime number?
False
Is 3957754 a composite number?
True
Is 28513465 composite?
True
Is 23528735 composite?
True
Is 212082371 composite?
False
Is 7478111 a prime number?
True
Is 13050229 a prime number?
True
Is 272965477 a composite number?
True
Is 71469722 a composite number?
True
Is 4010831 a composite number?
True
Is 3843059 prime?
False
Is 153292001 a prime number?
False
Is 9145727 a composite number?
True
Is 17828623 prime?